se 0 = -3*m - o + 5*o - 25, -n*m = o + 8. Let j be 0*(m/(-6) - 0). What is s(j)?
3
Let s be 66*(-1)/280 + (-4)/(-14). Let j(d) be the second derivative of 3*d**2 - 5/12*d**4 + 0 - d + d**3 - s*d**5. Determine j(-6).
6
Let x(o) = 3*o**2 - o. Let p be x(1). Let f(c) = -10*c**3 - 5*c**3 + 7*c**3 - 2*c**2 + 9*c**3. Calculate f(p).
0
Let h(g) = g**2 + 5*g. Let n be 0 + 1 - 4*(-12)/(-8). What is h(n)?
0
Let a(y) = 4*y**3 + 5*y**2 + y - 2. Let d(c) = c**3 + c**2. Let g(p) = -a(p) + 5*d(p). What is g(2)?
8
Let y(v) be the first derivative of v**2/2 + v + 2. Let s(u) = u**3 - 2*u**2 - 4*u + 1. Let l be s(-3). Let x be l/14 - 4/(-14). Determine y(x).
-1
Let t(p) = -p**2 - 3*p - 6. Let h(x) = 2*x**2 + 7*x + 13. Let w(a) = -4*h(a) - 9*t(a). Suppose 5*i + 2*z + 2*z = 22, -5 = -i - z. Determine w(i).
4
Let g(p) = p**3 + 4*p**2 - p + 2. Let u = -22 + 22. Let j be (0 - 3) + u + -1. Give g(j).
6
Let u(a) be the second derivative of a**5/20 + a**4/4 - a**3 + 3*a**2/2 + 8*a + 1. Calculate u(-5).
-17
Let h(c) = -c**3 - 3*c**2 + 2*c + 3. Let t be h(-3). Let m(o) = -o - 2. What is m(t)?
1
Let v(u) = 2 + 13*u - u**3 + 6*u + 2*u**2 - 15*u. What is v(-2)?
10
Let x be -3 + (-2)/(-1) + 0. Let v = 11 + 2. Let u(y) = -y + 12 - v + 8*y**3 - y. Calculate u(x).
-7
Let f be (9/(-6))/(4/(-8)). Let p(z) = z**3 - 4*z**2. What is p(f)?
-9
Let n(f) = 6*f. Suppose -5*m + 103 = 3. Suppose i + 4*i - m = 0. Let t = -3 + i. What is n(t)?
6
Let f = -8 + 4. Let z(l) = 2*l + 4. Let a be z(f). Let n(c) = c**2 - 2*c + 2. Let u(i) = i. Let h(d) = n(d) + 6*u(d). Give h(a).
2
Let y be 1/((-1)/((-84)/3)). Suppose -5*i - 68 = 5*q - y, -i + 7 = -2*q. Let r(v) = -v - 3. Calculate r(q).
2
Let v(o) = -8*o + 56. Let c be v(7). Let p(x) = x**2 + x - 6. Give p(c).
-6
Let l(m) = -m**3 - 6*m**2 - 6*m - 3. Suppose 0 = -5*p + 3*u - 34, p - 4*p = -5*u + 30. Give l(p).
2
Let q(s) be the second derivative of s**3/6 - 7*s**2/2 + 48*s. What is q(5)?
-2
Let r(y) be the second derivative of -y**6/360 + y**5/40 - y**4/24 - y**3/3 + 2*y. Let x(u) be the second derivative of r(u). Let l = 11 - 8. What is x(l)?
-1
Suppose -4*d = g - 38 + 10, 0 = 5*d + 2*g - 35. Suppose 2 = -b + d. Let r(t) = -2*t**2 - 4 + 3*t**2 - b*t - 1. Give r(5).
-5
Let b(p) = p**3 - 7*p**2 + 4. Let v = -16 + 14. Let i = v - -9. Calculate b(i).
4
Let y(t) = -1. Let r(z) = -z + 1. Let u(x) = -r(x) - y(x). Let c(v) = -2*v**2 - 8*v + 2. Let f(a) = -c(a) - 8*u(a). Give f(-2).
6
Let q = -6 - -16. Let o(v) = 2*v + 4. Let i be o(-2). Suppose q + i = 2*b. Let r(m) = 2*m - 6. Calculate r(b).
4
Let v(l) = l**3 + 3*l**2 + 3. Let d(m) = -m**2 - 9*m - 11. Let q be d(-8). Determine v(q).
3
Let b(a) be the third derivative of -a**5/60 - a**4/3 - 5*a**3/6 - 8*a**2. Calculate b(-6).
7
Let w(h) = -8*h**3 + h**2 + 5*h + 2. Let p(r) = -7*r**3 + 4*r + 1. Let k(f) = 3*p(f) - 2*w(f). Let t = 24 - 20. Suppose -t*d = -6 + 2. Give k(d).
-6
Let a = 104 + -308/3. Let p(h) be the second derivative of -1/12*h**4 + 0 - a*h**3 - 2*h - 3*h**2. Give p(-5).
9
Let m(w) = 4*w + 1. Let h(s) = -s**3 + 5*s**2 + 4*s - 9. Let i be h(6). Let f = i - -32. Suppose 5*z = -4*o - 16, -4*z = -5*o + 10 + f. Give m(o).
5
Let p(n) = -7*n**2 - 4*n + 3. Let a(h) = -4*h**2 + 3*h**2 + 2*h**2. Let z(t) = -6*a(t) - p(t). Suppose -3*s + 5 = b - 5*b, 15 = -5*b + 2*s. Give z(b).
2
Suppose 3*z = -2*z. Let v = z - -4. Let m(r) = -r**2 + 4*r + 1. Let s be m(v). Let l(j) = 3*j**3 - 1. Determine l(s).
2
Let f = 1 - -3. Suppose x + 5*l = -f*x + 35, -4*l = -5*x - 1. Let k(j) = j**2 - 2*j - 3. Determine k(x).
0
Suppose 3*c + 23 = -4. Let i be (-4)/(-8) - c/2. Let b(v) = v**2 - v. Let o(y) = -5*y**2 + 8*y + 1. Let h(l) = -4*b(l) - o(l). Determine h(i).
4
Let d(y) be the third derivative of y**5/120 + 3*y**4/8 + 7*y**3/6 + 6*y**2. Let z(a) be the first derivative of d(a). Determine z(-5).
4
Let i(q) = -q**2 - 3*q - 4 + 7*q + q. Suppose -2*a + a + 12 = 3*k, -5*k + 3*a = -6. Suppose 3 = 4*y + k*g, 4*y = -7*g + 3*g. Determine i(y).
2
Let i(g) = -g**3 + 2*g**2 + g. Let k be i(2). Let l(v) = v**2 - v**2 + 3*v**2 - v**2. What is l(k)?
8
Let r(j) = 2*j - 5. Let b be r(5). Let p = b - 10. Let q(o) be the first derivative of o**3/3 + 5*o**2/2 + o - 5. Calculate q(p).
1
Suppose 5*m + 28 = -2. Let x = 6 + m. Let v(f) = -f + 5. What is v(x)?
5
Let x(d) be the third derivative of -d**6/120 - d**5/10 + d**4/4 - 2*d**3/3 + 10*d**2. Let w = -7 - 0. What is x(w)?
3
Let u = 73 + -19. Let n(y) = -51 + 3*y + u + y. What is n(-2)?
-5
Let d be 12/8*8/6. Let f(v) = -7 + d*v - 2 + 0 + 0. Calculate f(6).
3
Suppose -2*r - 12 = r. Let p(j) = -j - 6. Give p(r).
-2
Let p(w) = w**2 + 9*w. Let a be (-4)/(-3)*(93/(-6) + 8). Give p(a).
10
Let w = -11 + 14. Suppose 0 + w = -h. Let k(v) = v**3 + 4*v**2 + 5*v + 3. Determine k(h).
-3
Suppose -y = 3 - 1. Let l(f) = 3*f**3 + 4*f**2 + 2*f - 2. Determine l(y).
-14
Suppose -4*p + 3 = -21. Let r(u) = -u - 1. Calculate r(p).
-7
Suppose 3*b + 3 = -2*q + 4*q, -2*b + 2 = 0. Suppose -n - q = -w, 4*n = 2*w - 10 - 2. Let a(k) = -k + k - k + w. What is a(3)?
-3
Suppose 0 = 5*b + 25, -b - 3 = -2*o + 4*o. Let g(d) = d**3 - d**2 + d - 1. Determine g(o).
0
Let g be (-56)/(-10) + (-26)/(-65). Let p(v) = v**2 - 8*v + 9. Determine p(g).
-3
Let p(j) = -j**2 - 4*j + 5. Let w(r) = r**2 + 3*r - 4. Let l(y) = -3*p(y) - 4*w(y). Give l(-1).
0
Let x(j) = j**3 + 9*j**2 + 9*j + 4. Let n(r) = -r**3 - 2*r**2 + 7*r + 4. Let s be n(-3). Determine x(s).
-4
Let z(l) be the first derivative of l**7/420 - l**6/90 + l**5/60 - 2*l**3/3 - 2. Let b(u) be the third derivative of z(u). What is b(2)?
4
Let a = 7 + -4. Let h be (-36)/(-10) + (-6)/(-15). Suppose -l = h*j - 23, -a*j + l = -4*l. Let t(g) = g**3 - 4*g**2 - 5*g - 1. What is t(j)?
-1
Let g(r) = 27*r + 13. Let m(f) = -13*f - 6. Let t(i) = 6*g(i) + 13*m(i). Let b be (-14)/49 + (-18)/(-14). Suppose 0 = 2*n - 3*n + b. Calculate t(n).
-7
Let n(t) = -6*t**2 + 3*t - 5. Suppose c - j - 4 = 0, 0*c + 14 = 3*c - 2*j. Let d(f) = 7*f**2 - 4*f + 6. Let o(k) = c*n(k) + 5*d(k). Determine o(-2).
0
Let t(k) = k**2 + 3*k - 2. Let a be t(0). Let q(x) = -2*x**2 - x. Give q(a).
-6
Let g(o) = o - 5. Let a(r) = r + 9. Let j be a(-5). What is g(j)?
-1
Suppose -n = -3*n. Let c(l) = -l**2 - 2 - 2*l + n*l + 2*l. Determine c(0).
-2
Let l(p) = p**2 - p - 14. Let v be l(4). Let i(m) = -4*m + 2 - 4 - 1. Determine i(v).
5
Let p(f) = f**3 + 3*f**2 - 5*f - 2. Suppose 9 = 3*b - 2*u + 23, 4*b = 5*u - 21. What is p(b)?
2
Let g(i) = 9 + i + 5 - 12. Give g(-3).
-1
Let m = -3 - -7. Let t(r) be the first derivative of 5*r + r**2 - 5/3*r**3 + 1/4*r**4 + 2. Determine t(m).
-3
Let o(f) = f - 8. Let w(l) = -l**2 - 3*l. Let q be w(-4). Let p = q - -10. What is o(p)?
-2
Let k(j) = -5*j**2 - 1. Let h(f) = -14*f**2 - 3. Let a(p) = -6*h(p) + 17*k(p). Let t = -1 - -4. Calculate a(t).
-8
Let t(g) = -4 + 2 + 7*g + 1 - 3*g. What is t(2)?
7
Let x(o) = -o**2 + 6*o - 2. Let d be (-2)/(-2 + (-24)/(-15)). Determine x(d).
3
Let q(w) = 3*w - 2. Let v(d) = d - 1. Let r(l) = 6*q(l) - 13*v(l). Let t be (4 + -8)/(4/(-3)). Suppose t = -2*i - i. Calculate r(i).
-4
Let s be (-5)/((2*-1)/(-2)). Let n(b) = -b**2 - b + 1. Let i(d) = -d**3 - 9*d**2 - 3*d + 10. Let y(k) = i(k) - 4*n(k). Calculate y(s).
1
Let t(g) = -g**2 - 4*g + 5. Let s = 2 - 6. Let c be t(s). Let m(b) be the second derivative of b**3/6 - b**2 - b. Give m(c).
3
Let b(u) = u**2 - 2*u + 4. Let z(w) = w**2 - 3*w + 3. Let l be z(3). Suppose o = -l*o + 60. Suppose -4*c - c = -o. Give b(c).
7
Let x be ((-12)/10)/((-18)/(-45)). Let y(l) = l**3 + 3*l**2 - 2*l - 3. Determine y(x).
3
Let a = 23 + -21. Suppose 8 = 5*v - a. Let l(b) = b + 2. Determine l(v).
4
Let q(m) be the first derivative of -2*m**2 - 18. Determine q(1).
-4
Let z(x) = -x**2 + 2. Let h be z(-3). Let y = h + 7. Let p(d) = d**3 + d**2 - d - 2. Determine p(y).
-2
Let u = -9 + 6. Let p(n) be the third derivative of -n**5/60 - 5*n**4/24 + n**3/2 - 4*n**2. What is p(u)?
9
Let w(l) = 1 - 6*l - 1. Let c be ((-2)/(-3))/((-12)/18). Let p be (1/(1 + -2))/c. What is w(p)?
-6
Let k(r) = r**3 - 3*r**2 + 1. Let m = -25 - -28. Calculate k(m).
1
Suppose s - 6*s = -10. Let d(p) be the first derivative of 1/4*p**4 + 5/3*p**3 + 2 - p + 0*p**s. What is d(-5)?
-1
Let x = -33 - -397/12. Let l(w) be the third derivative of x*w**4 + 0 - 4*w**2 + 0*w + 0*w